
-1
Let n(f) = 5*f**2 - f + 1. Let l(k) = -k**3 + 8*k**2 + 9*k - 1. Let a(g) = 2*g**3 - 16*g**2 - 18*g + 3. Let y(j) = 2*a(j) + 5*l(j). Let d be y(9). Give n(d).
5
Let n be (-2)/6 + 4/3. Suppose 0 = -f + 1 + n. Let y(p) = -p - 1. What is y(f)?
-3
Let y(t) be the second derivative of t**4/12 + t**3 - t**2/2 - 28*t. What is y(-4)?
-9
Let g(z) = z + 2*z - 1 + 4. Let d be (-2 - 3/3) + 3. Let h be (d - -1)*(1 + -4). Calculate g(h).
-6
Let f(y) = y**2 - 5*y + 5. Suppose 10 = 5*n - 15. What is f(n)?
5
Let f(n) = 10*n**3 - 5*n**2 + 9*n - 3. Let x(s) = 3*s**3 - 2*s**2 + 3*s - 1. Let v(a) = 2*f(a) - 7*x(a). Determine v(2).
3
Let t be 4/(-32) - 33/(-8). Let c(v) = 9*v + 3 - 8*v - 4*v. What is c(t)?
-9
Let b(r) = -7*r**3 + 5*r**2 + 7*r - 4. Let d(v) = 7*v**3 - 4*v**2 - 6*v + 3. Let j(i) = 4*b(i) + 5*d(i). Determine j(-1).
-6
Let y(k) be the third derivative of k**4/24 - 2*k**3/3 + 3*k**2. Let a(z) = 6*z - 21. Let q(f) = 2*a(f) - 11*y(f). Calculate q(-3).
-1
Let a(n) = 18*n**2 + n - 19*n**2 + 1 - n. Determine a(4).
-15
Let v = 10 - 14. Let d(w) = -5*w**2 - w**3 + w + 0*w**2 - 3*w**2 + 4*w**2. Give d(v).
-4
Let h(n) = 3*n**2 - 8*n - 5. Suppose -4*w = -0*w + 5*v - 38, 2*w - 2*v = 10. Let b(m) = -5*m**2 + 15*m + 10. Let j(r) = w*h(r) + 4*b(r). What is j(-4)?
5
Let h(l) be the first derivative of 3*l**2/2 - 4*l + 4. Determine h(4).
8
Suppose 2*f = -2*f + 12. Suppose f*o = 4*i - 10, -2*i - 2*i + o = -14. Suppose 12 = 2*g + 5*k - 21, -i*g = 2*k - 26. Let z(q) = -q + 2. Determine z(g).
-2
Let l be 3 + -1*(0 - -2). Let h = l + 1. Let s(q) = -2*q + q + 2*q + h. What is s(-4)?
-2
Let o(j) = j**2 + j - 9. Let m be 4/6 + (-6)/9. Suppose g = 5, -2*z - 2*z + 3*g - 3 = m. Suppose 0 = -z*n + n. Determine o(n).
-9
Suppose 7*x - 10 = 5*n + 2*x, -7 = -n - 2*x. Let b(j) = j**3 - 3*j - 1. Let a(c) = c**2 + 1. Let l(o) = n*b(o) - 3*a(o). Calculate l(4).
0
Let y(m) = m**3 + 3*m**2 + 4*m + 4. Suppose 0 = -6*a + 4*a + 10. Let c(o) = -o**3 - 4*o**2 - 5*o - 5. Let f(t) = a*y(t) + 4*c(t). What is f(2)?
4
Let r(c) = -c - 1. Let h = 18 - 15. Let d(n) = n - 3. Let b(f) = h*r(f) + d(f). Determine b(-5).
4
Let r(z) = -z**3 - 5*z**2 + 6*z. Let q = -9 - -3. Determine r(q).
0
Let g be ((-117)/39)/((-3)/4 - 0). Let i(c) = -c**3 + 3*c**2 + 4*c - 5. Determine i(g).
-5
Let x(b) = -9*b + 2*b**2 - 8*b**2 - 10 - b**3 - b - 3*b**2. Give x(-8).
6
Let d = 14 + -9. Let c(y) = -6*y - 4. Let b(z) = -5*z - 3. Let m(r) = -5*b(r) + 4*c(r). Let h(i) = -8*i + 12. Let t(l) = h(l) + 6*m(l). Determine t(d).
-4
Let h(w) = 237*w**2 - 231*w**2 + 1 + 2*w - 2*w. Calculate h(1).
7
Let g(k) = -k**3 - k**2 + k + 3. Let t be g(3). Let h be (-64)/t - 16/120. Let r(p) = p**2 + 2*p + 1. Give r(h).
9
Let c(q) = -q**3 + 7*q**2 + 4*q - 10. Let k be c(7). Suppose -3*v + 0*v = -k. Let a = v - 11. Let z(d) = d**3 + 4*d**2 - 7*d - 6. Determine z(a).
4
Let u(w) = -w + 8. Suppose 8 = 4*m - 16. Give u(m).
2
Let j(w) be the second derivative of 2*w**3/3 - w**2/2 - 11*w. What is j(1)?
3
Suppose 0 = 2*i + 2*v - 3*v + 9, 0 = -v - 3. Let u(m) = -m**3 - 8*m**2 - 10*m - 7. What is u(i)?
-19
Let k(z) = z**2 - 3*z + 3. Let l be k(3). Suppose v = -1 + l. Suppose v*f + 0*f = -6. Let j(n) = n**3 + 2*n**2 + 4. Give j(f).
-5
Suppose 16 = 2*y - 7*y + a, -a + 1 = 0. Let w(j) = 15*j**3 - j**2 + 3*j + 5. Let f(t) = 8*t**3 - t**2 + 2*t + 3. Let b(d) = y*w(d) + 5*f(d). What is b(1)?
-6
Let f(v) = v**2 + 3*v - 2*v + 7*v**2. Give f(-1).
7
Let g(t) be the second derivative of t**4/12 + 5*t**3/6 + 2*t**2 - 2*t. Suppose 5*r - 3*r = 4*j - 18, 5*j - 9 = -2*r. Give g(r).
-2
Let l(a) be the first derivative of 9*a + 9 - 1/2*a**2. Calculate l(0).
9
Let v(g) = -2*g**3 + 2*g - 1. Let o(j) = -j**3 + 4*j**2 - j + 5. Let b be o(4). Calculate v(b).
-1
Let m(w) = -14*w + 6. Let q(h) = 13*h - 7. Let y(z) = 4*m(z) + 5*q(z). Let t(d) = 4*d - 5. Let k(o) = -5*t(o) + 2*y(o). Determine k(6).
-9
Let p(q) = q**3 + 5*q**2 + 4*q. Suppose -21 = 7*h + 7. Give p(h).
0
Let d(a) = a**2 + a. Let f(k) = -11. Let w(s) = -d(s) + f(s). Determine w(0).
-11
Let r be 6/(-4)*(-4 - 23/(-6)). Let g(z) be the first derivative of -4*z - 5/3*z**3 + r*z**4 - 1 + 3*z**2. What is g(4)?
4
Let x(t) = -t + 3. Let k(h) = h - 1. Let f be k(1). Determine x(f).
3
Let n(q) = 10*q. Let h(z) = 3*z. Let p(w) = -21*h(w) + 6*n(w). Calculate p(2).
-6
Let u(t) be the third derivative of t**5/60 + t**4/4 - 5*t**3/6 + 4*t**2. What is u(-6)?
-5
Let t(n) be the first derivative of n**3/3 - n**2/2 - 2*n - 6. Give t(-2).
4
Let p be 2/(3/12*4). Let b(l) = -p + 5*l**2 - l**3 - 3*l**2 + 1 + 3*l. Suppose -1 = -5*x + 9. Give b(x).
5
Let s(j) = j**2 + 12 - 2 - 2*j**2 - 41*j + 35*j. Give s(-7).
3
Let w(x) be the first derivative of 4 - 2*x**2 + 1/4*x**4 - x**3 - 3*x. Determine w(4).
-3
Let k(x) = -x**2 - 8*x - 3. Suppose 30*f + 10 = 28*f. What is k(f)?
12
Let t(c) = -c**3 + 7*c**2 - 7*c + 2. Let p(f) = -6*f**3 - f**2 - f - 1. Let j be p(-1). Suppose -4*d + 21 = -3*d - j*m, -2*d = m - 9. Give t(d).
-4
Suppose -10 = -5*k + 10. Let x(g) be the second derivative of -g**3/3 + 3*g**2 - 121*g. Calculate x(k).
-2
Let z(w) = 9*w + 3. Let f(q) = -45*q - 17. Let o(u) = 2*f(u) + 11*z(u). Determine o(1).
8
Let k = 0 + -1. Let m(x) = -x - 1. Let n(b) = -2*b**2 - b. Let d be n(1). Let u(w) = 7*w**2 + w + 2. Let f(s) = d*m(s) - u(s). Determine f(k).
-8
Let j(l) = 0*l**3 + 3*l**3 - 4*l**3 + 4 - 5*l**2. Suppose 0 = -25*t + 30*t + 20. Give j(t).
-12
Let m(t) = t**3 + 6*t**2 + 5*t - 4. Let a = 17 + 2. Suppose 5*f + a = -6. Determine m(f).
-4
Let j(u) = -2*u**2 - 10*u - 11. Let i be j(-4). Let g(a) be the first derivative of -a**4/4 - 2*a**3/3 + 3*a**2/2 + 4*a + 2. What is g(i)?
4
Suppose 20 = -3*h + 2*h + 5*s, -2*h = 5*s - 35. Let m(u) = u**2 - 6*u - 3. Calculate m(h).
-8
Suppose m - 3*g = -g, -2*m + 6 = 2*g. Suppose 0 = m*y - y - 5. Let b(u) = u**2 - 7*u + 1. Calculate b(y).
-9
Let b(c) = 0 + 1 + c**2 - 6. Calculate b(4).
11
Suppose -v = -0*v + 1. Let y be (v/3)/((-3)/(-9)). Let g(d) = -d - 2. Calculate g(y).
-1
Let x(a) = 3*a - 6. Suppose 12 + 10 = 2*t. Let w(y) = y**3 - 10*y**2 - 12*y + 16. Let f be w(t). Determine x(f).
9
Let i(o) = 7 - 4*o**2 + 7*o + 3*o**2 + 2*o**2. Suppose -2*w + 0*w - 5*q = 15, -w - 2 = -3*q. Calculate i(w).
-3
Suppose -4*c = -3*c. Let a(l) = -l**2 - l + 13. Calculate a(c).
13
Let a be 0 + -2 + 7/(-1). Let s = a - -13. Let g(l) = -l**3 + 0*l - 5*l - l + 5 + 5*l**2. Calculate g(s).
-3
Suppose 0*q = 3*q. Let n(r) = -4*r**3 + 179*r - 180*r + 1 + 3*r**3. What is n(q)?
1
Let z = 10 + -34. Let y = -16 - z. Let c(u) = 4 + 4*u - y + 1. Calculate c(3).
9
Let w(l) = -l. Let h(p) = -p**2 - 4. Let r(b) = h(b) - 6*w(b). Calculate r(5).
1
Let i(s) be the second derivative of s**3/3 - 3*s**2 + s. Let x(p) = p**2 + 3*p. Let l be x(-4). Give i(l).
2
Let m = 2 + 2. Let a(r) = -2*r + r**2 + r - 1 - m. Calculate a(0).
-5
Let x(v) be the first derivative of -1 - 1/12*v**4 + 1/2*v**2 + 1/6*v**3 - v. Let q(p) be the first derivative of x(p). Give q(-1).
-1
Let c = 111 - 109. Let p(z) = -8*z**2 + z + 2. Let f(t) = -7*t**2 + t + 2. Let v be (-4)/((4/(-3))/2). Let x(w) = v*p(w) - 7*f(w). What is x(c)?
0
Let k(n) = -5*n**2 + 10*n - 12. Let q(h) = 11*h**2 - 20*h + 24. Let s(y) = -9*k(y) - 4*q(y). Determine s(8).
-4
Let j(g) = g. Suppose 4*q = -4, m - q = 3*m + 13. Give j(m).
-6
Let r(h) = 2*h**2 + 3*h. Suppose 3*n = 8*n - 15. Suppose -3*o = 3, n*g = 4*g + 2*o + 5. Determine r(g).
9
Suppose q + q + 2 = -4*v, -5*v = 15. Let s(h) = -3*h + 2. Calculate s(q).
-13
Let v = -11 + 15. Let h(m) be the third derivative of -1/60*m**5 + 0 - 2/3*m**3 + 2*m**2 + 5/24*m**4 + 0*m. What is h(v)?
0
Let p(s) be the first derivative of -s**2 - s + 3. Let h be p(-3). Let r(k) be the second derivative of k**4/12 - k**3 + 7*k**2/2 - k. Calculate r(h).
2
Let u(x) = -3*x**2 + 19*x - 78. Let b(g) = -g**2 + 6*g - 27. Let q(s) = -17*b(s) + 6*u(s). What is q(12)?
-9
Let v(g) = -g**2 + 7*g + 11. Let q be v(8). Let c(w) = w**2 - 5*w + 2. Calculate c(q).
-4
Let h be -17 + 17 + 6/2. Let r(q) = -2*q - 1. Calculate r(h).
-7
Let x(v) = -v**3 + v + 1. Let n(b) = -5*b - 4. Let d(u) = -n(u) - 3*x(u). Let y be d(-1). Let o(g) = -3*g - g - 4 - g**3 + 1 - 5*g**2. Calculate o(y).
-3
Let x(s) = -4*s - 8 + 11 - 2*s**2 - s**2 + 2*s**2. What is x(-6)?
-9
Let r(k) = -3*k + 5*k + 1 - k. Suppose 